 Let r(c) = c + v - 1 - 1 - 5. Determine r(4).
-3
Let z(q) = 3*q + 128 - 2*q - 130. Give z(3).
1
Let r(j) = j**3 + 6*j**2 - 3*j - 4. Let a(p) = 3*p**3 + 13*p**2 - 7*p - 9. Let g(s) = -2*a(s) + 5*r(s). Determine g(4).
-6
Let t(x) = -x**3 + 4*x - 1. Suppose -8 = -2*p, -2*y = -y + 5*p - 17. What is t(y)?
14
Let z(l) be the third derivative of -l**5/60 - l**4/8 + 2*l**3/3 + 2*l**2. Determine z(3).
-14
Let f(y) be the first derivative of 2 - 1/4*y**4 - 1/2*y**2 + 0*y**3 - 2*y. Suppose 2*h + 12 = -c, -3*c + 8*c + h + 15 = 0. Give f(c).
8
Let x(j) be the first derivative of -2*j**2 - 1. Let d be x(-1). Let y(h) = -h**2 + 7*h - 6. Calculate y(d).
6
Let d(z) = 8*z - 2 - z**3 + 0*z**2 + 0*z**3 + 6*z**2. Let n be d(7). Let x(c) be the second derivative of c**4/12 - c**3 + 8*c. Calculate x(n).
-5
Let r(d) = -d**2 + 4. Let k be r(0). Let b(y) = -y + 1. Give b(k).
-3
Let l be 54/10 + 2/(-5). Let r(p) = 0 - 2*p + 6*p - p**2 + 4. What is r(l)?
-1
Let y(c) = -c**2 - 7*c - 5. Let a be y(-6). Let t(v) = v - 3. Let s(k) = -k + 7. Let d be 32/18 - 6/(-27). Let b(h) = d*s(h) + 5*t(h). Give b(a).
2
Let w(s) = -1 + 9*s**2 - 120*s + 3*s**2 + s**2 + 122*s. Give w(1).
14
Let o(x) = -4*x - 2. Suppose -3*m - 2*f - 4 = -2, -3*m - 5*f = 14. Determine o(m).
-10
Suppose -29*a = -27*a + 14. Let q(t) = t + 1. What is q(a)?
-6
Let i = 6 - 9. Let z(f) = -2 + 0*f + 3 + f**2 + 0*f. Determine z(i).
10
Let b(n) be the first derivative of n**2/2 - 3*n + 18. Determine b(0).
-3
Let o(a) = -a**2 + 6*a - 6. Let b be o(4). Let k be 0*(-1 + 0) - -1. Let w(s) = 4*s + b + k - 2*s. Determine w(-4).
-5
Let v = -5 - -7. Suppose 5*l = v*n - 8 + 29, 0 = -l - 3*n - 6. Let y(p) be the second derivative of -p**4/12 + p**2/2 - 2*p. Determine y(l).
-8
Let p = -81 + 84. Let u(o) be the second derivative of 0*o**p + 0 + 0*o**2 + 1/12*o**4 - 2*o. Determine u(-2).
4
Let w(d) = d**3 + 4*d**2 - 4. Let k = -5 - -8. Let o = k - 7. Determine w(o).
-4
Let n(y) = y + 3*y**3 - 1 - 4*y**3 - 3*y**3 + 7*y**3 - y**2. What is n(1)?
2
Let o(k) = 9*k - 4. Let b(h) = 17*h - 7. Let a(m) = -3*b(m) + 5*o(m). Give a(3).
-17
Let q(f) be the second derivative of 3*f - 2/3*f**3 + 1/12*f**4 + 0 - 3/2*f**2. Let d(a) = -a**2 + 4*a + 2. Let t(z) = -7*d(z) - 6*q(z). Calculate t(4).
4
Suppose -4*x + 5*d + 41 = 0, 3*x + 4*d = -0*x - 8. Suppose 4*o + 5*c + 15 = 3, 0 = -2*c - 8. Suppose -o*b + x = 2*b. Let l(j) = j**2 + j. Determine l(b).
2
Let f(r) = -3*r**2 + 4*r + 3. Let t(o) = -2*o**2 + 5*o + 4. Let z(w) = -4*f(w) + 3*t(w). Let l(c) = c**3 + 3*c**2 + c - 1. Let v be l(-2). Determine z(v).
5
Let n(v) be the first derivative of -v**3/6 + 7*v**2/2 - 3*v + 4. Let s(c) be the first derivative of n(c). Give s(4).
3
Let b(p) = 2*p - 4. Let o be 2/6 + (-132)/(-9). Suppose 2*z + o = -3*z. Let a = z + 7. Give b(a).
4
Let d(u) = -u**3 - 2*u**2 - u + 4. Let i(s) = -s**3 - 1. Let y(j) = d(j) + 4*i(j). Suppose 3*m - 5 = -4*h, -8*h + 5*h + 6 = 0. Let p = m - 0. What is y(p)?
4
Suppose -3*v - r + 7 = -4, -3*v = -3*r - 27. Let s(o) be the first derivative of o**4/4 - 4*o**3/3 - 3*o**2 - 1. What is s(v)?
-5
Let b be (-3 + (-15)/(-3))/(-1). Let u(o) = -3*o. Let y be u(b). Let f(k) = -k**3 + 7*k**2 - 7*k - 3. What is f(y)?
-9
Let v(k) = -5*k - 2. Suppose 9 = -4*h + 3*r - 3, h - 12 = -3*r. Suppose h = -4*n + 3*n - 2. Give v(n).
8
Let u be (-2 + (1 - -2))*1. Let h be -2*((-6)/4 - u). Let q(j) = -j + 7. Give q(h).
2
Let u(a) be the first derivative of -a**4/4 + a**3/3 - 5*a - 28. Suppose b = -0*b. Suppose -i - i = b. Determine u(i).
-5
Let g = -79 + 81. Let t(l) be the first derivative of g*l + 3/2*l**2 - 2. Calculate t(-2).
-4
Let a(u) = -u**2 - 1. Let q(y) = -y**3 - y**2 + 6*y + 9. Let f be (20/(-25))/((-1)/(-5)). Let p(m) = f*a(m) - q(m). Determine p(-6).
-5
Let s(a) = -5*a**2 + a**3 - 4 - 6*a + 2 + 0*a. What is s(6)?
-2
Suppose 4*s = 5 + 3. Let x be 8 - 7 - s/2. Let z(a) = -11 + a + 1 + x + a**3. What is z(0)?
-10
Let f(s) = s**3 + 13*s**2 + 12*s + 2. Let q be f(-12). Let g(h) be the second derivative of 1/12*h**4 + 2/3*h**3 - 2*h + 0 + q*h**2. Calculate g(-4).
4
Let i(y) = -5 + y + 5 + 5 - 6. Let s be i(-5). Let v(n) = -n**3 - 6*n**2 - 2*n - 5. Give v(s).
7
Let d be (1 + -3 + 1)/(1/8). Let i(c) = -c**3 - 9*c**2 - 8*c + 4. What is i(d)?
4
Let h(y) = y**2 - 3*y + 5. Let l(v) = 1. Let n(k) = -h(k) + 4*l(k). Determine n(3).
-1
Let b(h) = -3*h. Let a be (20/(-5))/(-4)*1. Give b(a).
-3
Let u(i) be the second derivative of i**3 - i**2/2 + 19*i. Give u(-2).
-13
Let n(j) = 8*j**2 - 4*j - 5. Let d(v) = -7*v**2 + 4*v + 5. Let k(m) = 7*d(m) + 6*n(m). Give k(5).
0
Suppose 5*f - k - 7 = 0, -2*f + 3*f - 8 = -2*k. Let l(x) = 2*x + 2 - 4*x + 2*x**3 - 5*x**2 + 3*x**2. Calculate l(f).
6
Let z(j) be the second derivative of -3*j + 0*j**5 + 1/360*j**6 + 0 + 0*j**2 + 1/6*j**3 - 1/12*j**4. Let v(n) be the second derivative of z(n). Give v(2).
2
Let u(c) = -c**2 - 6*c + 6. Suppose -5*j - 26 = -b, 4*j - 9 = -b - 37. What is u(j)?
6
Let k(v) be the third derivative of -v**5/60 + v**3/3 - 67*v**2. Determine k(3).
-7
Suppose -m + 2*m + 16 = -2*j, -3*j + 5*m - 24 = 0. Let z(p) = p**2 + 7*p - 3. Let k be z(j). Let x(n) = -3*n**2 + 5*n**2 + 4 - k + 4*n. Calculate x(-3).
5
Let k = 7 + -4. Let n(b) = -7*b - 2. Determine n(k).
-23
Let i(y) = 12*y - 6. Suppose -n = -3*n + 8. Let r(d) be the third derivative of 11*d**4/24 - 5*d**3/6 - 20*d**2. Let b(l) = n*i(l) - 5*r(l). Calculate b(1).
-6
Let i(a) = 5*a + 10 + 3*a - 3*a - 4*a. Let y(w) = -w**3 - 4*w**2 + 2. Let v be y(-3). Determine i(v).
3
Let i be (-9)/12 - 7/(-4). Let n(d) = 5*d**3 + d**2 - 1. Determine n(i).
5
Let v(a) = a**2 - 9*a. Let b(i) = i**2 - 10*i - 1. Let t(f) = -3*b(f) + 4*v(f). Calculate t(4).
-5
Let n be (-5)/2*(0 + -2). Let z = -21 - -23. Let s(t) = -3*t**2 + z*t**2 - 3*t**3 + 2*t**3 + 3 + 6*t**2. Calculate s(n).
3
Let t(v) = 6*v - 4. Let f(g) = 7*g - 5. Let y(w) = 3*f(w) - 4*t(w). Give y(1).
-2
Suppose -3*x - 2*x + 10 = 0. Let c(b) = 2*b - 6. Let f be c(9). Suppose -4*y + n = -f, x*n - 5*n - 14 = -y. Let j(s) = s**3 - 5*s**2 + 3*s. What is j(y)?
-6
Let y(j) = j**3 - 6*j**2 - 9*j + 6. Let h be y(7). Let d(x) = x + 11. Let s be d(h). Let r(p) = -p**2 + 5*p - 3. Give r(s).
3
Let r(m) = m**2 - 6*m + 3. Let i(v) = v**2 + 7*v - 2. Let f be i(-8). Give r(f).
3
Let x be (-30)/4*(3 + -1). Let n(u) = u**3 - 4*u**2 + u + 5. Let r be n(4). Let t = r + x. Let i(j) = j**3 + 7*j**2 + 5*j + 4. What is i(t)?
10
Let w be -1 + 1 + -1 - -1. Let q(t) be the third derivative of -t**6/120 - t**5/60 + 5*t**3/6 + 12*t**2. Determine q(w).
5
Let f(z) be the second derivative of -z**3/6 - 3*z**2/2 + 2*z. Let l(a) = 2*a**3 - a - 2. Let u be l(-1). Determine f(u).
0
Let f(n) = -2*n**2 - 2*n + 1. Let y be f(1). Let g be y*(-5)/(30/(-4)). Let k(r) = -1 + 3 + 0 + r - r**2. Calculate k(g).
-4
Suppose i - 5*t - 13 = -7*t, 5*i - 4*t + 5 = 0. Let b(k) be the second derivative of 0 + 4/3*k**i + 1/12*k**4 - 3*k + 7/2*k**2. What is b(-5)?
-8
Suppose 3*p = 21 + 21. Let y be ((-20)/35)/((-4)/p). Let v(d) = 5 + 3 - 7 - d. What is v(y)?
-1
Suppose 2*u + 20 = -2*u. Let f(h) = -h - 6. Let p(z) = -4*z - 19. Let x(n) = -7*f(n) + 2*p(n). Determine x(u).
9
Let n be (2 - 4)/((-4)/(-16)). Let x = n + 4. Let w(f) = f - 1. Determine w(x).
-5
Suppose 5 = r - 0. Let m(y) = -y**3 - 5 + 0*y**3 + 2*y**2 - 4*y + r*y**2. Let t be 5 - (2 + (-6)/2). Determine m(t).
7
Let s(d) be the second derivative of d**5/20 + 7*d**4/12 - 7*d**2/2 + 45*d. Calculate s(-7).
-7
Suppose -2*p = -3*y + 2, -4*p = -2*p + 2. Suppose 4*r + y*r = 0. Let o be (-3 + r)*1*-1. Let x(v) = v - 2. Determine x(o).
1
Let i(m) be the first derivative of -13*m**2/2 + 4. Give i(1).
-13
Let r(j) = 3*j**3 - 2 - 13*j + 14*j - 4*j**3 - 3*j**2. Determine r(-2).
-8
Let c(y) = y + 4 + 0 + 2*y. Suppose 7 + 5 = -4*o. Determine c(o).
-5
Let b(g) = -5*g**2 + 7*g - g**3 - 4 - 2 + 7. Give b(-6).
-5
Let i(n) = 3*n + 14. Let y be i(-6). Let o be -3 + y + (3 - 2). Let x(j) = -j**3 - 6*j**2 - 2*j - 3. Calculate x(o).
9
Let u(h) = 2*h**2 - h. Suppose 3*b + 5*z + 6 = 0, -2*z = 5*b - 4*b + 2. Let w be (b/(-6))/(1/3). What is u(w)?
1
Let s(u) = -u**3 + 5*u**2 + 4. Let x be s(5). Let g = 4 - x. Let k(q) = q**2 + q + 2. Calculate k(g).
2
Suppose 0 = -8*h + 2*h + h. Let l(d) = -d - 7. Calculate l(h).
-7
Let v(r) = 2*r + 6. Let m be -8